{"id":154,"date":"2023-02-02T16:35:39","date_gmt":"2023-02-02T16:35:39","guid":{"rendered":"http:\/\/topas.com.pl\/?page_id=154"},"modified":"2023-02-02T16:35:40","modified_gmt":"2023-02-02T16:35:40","slug":"ekozarzadzanie-o-srodowisku-metodycznie","status":"publish","type":"page","link":"https:\/\/topas.com.pl\/?page_id=154","title":{"rendered":"Ekozarz\u0105dzanie \u2013 o \u015brodowisku metodycznie"},"content":{"rendered":"\n<p>Projekt skierowany jest dla mikro-, ma\u0142ych i \u015brednich przedsi\u0119biorstw maj\u0105cych siedzib\u0119 na terytorium Polski oraz 432 przedsi\u0119biorc\u00f3w i\/lub pracownik\u00f3w (302 m\u0119\u017cczyzn&nbsp; i 130 kobiet) nale\u017c\u0105cych do kadry zarz\u0105dzaj\u0105cej.Minimum 20% miejsce zarezerwowanych jest dla os\u00f3b, kt\u00f3re uko\u0144czy\u0142y 50 rok \u017cycia.<\/p>\n\n\n\n<p>Projekt skierowany jest do przedsi\u0119biorc\u00f3w w trakcie wdra\u017cania lub planuj\u0105cych rozpocz\u0119cie eko-projektu i wymagaj\u0105cych wsparcia w zakresie zarz\u0105dzania \u015brodowiskowego.<\/p>\n\n\n\n<p>Rekrutacja uczestnik\u00f3w do projektu zosta\u0142a zako\u0144czona.<\/p>\n\n\n\n<p><strong>ZAKRES TEMATYCZNY<\/strong><\/p>\n\n\n\n<p>Ka\u017cdy uczestnik odb\u0119dzie 5-dniowy cykl szkoleniowy sk\u0142adaj\u0105cy si\u0119 z:<\/p>\n\n\n\n<p>1 z 5 2-dniowych szkole\u0144 do wyboru (istnieje mo\u017cliwo\u015b\u0107 wybrania wi\u0119cej ni\u017c jednego szkolenia):<\/p>\n\n\n\n<ol class=\"wp-block-list\">\n<li>Czy eko-inwestycja ma sens? \u2013 ocena ekonomiczna projektu\u00a0(2 dni, 16h)<\/li>\n\n\n\n<li>Jak zarz\u0105dza\u0107 eko-projektami i nie straci\u0107? Wprowadzenie do zarz\u0105dzania projektami wp\u0142yw. na \u015brodowisko\u00a0(2 dni, 16h)<\/li>\n\n\n\n<li>Narz\u0119dzia wspomagaj\u0105ce planowanie w eko-projekcie\u00a0(2 dni, 16h)<\/li>\n\n\n\n<li>Zaplanuj eko-projekt i kontroluj jego realizacj\u0119 stosuj\u0105c narz\u0119dzie IT, zarz\u0105dzaj ryzykiem przedsi\u0119wzi\u0119cia\u00a0(2 dni, 16h)<\/li>\n\n\n\n<li>Poprowad\u017a eko-projekt metodycznie\u00a0(2 dni, 16h)<\/li>\n<\/ol>\n\n\n\n<p>oraz 3-dniowego szkolenia zako\u0144czonego egzaminem PRINCE2\u00ae Foundation:<\/p>\n\n\n\n<p>Certyfikat potwierdzeniem wiedzy zarz\u0105dzania eko-projektami\u00a0(3 dni, 24h)<\/p>\n\n\n\n<p><strong>DORADZTWO<\/strong><\/p>\n\n\n\n<p><strong>Przedsi\u0119biorca<\/strong>&nbsp;w ramach projektu otrzymuje wsparcie w postaci doradztwa z zakresu zarz\u0105dzania \u015brodowiskiem poprzez eko-projekty. Doradztwo jest obowi\u0105zkowe dla wszystkich przedsi\u0119biorstw bior\u0105cych udzia\u0142 w projekcie i sk\u0142ada si\u0119 z dw\u00f3ch cz\u0119\u015bci:<\/p>\n\n\n\n<p><strong>1. Doradztwa prowadzonego indywidualnie 1:1<\/strong>&nbsp;przez doradc\u0119 z kierownikiem eko-projektu (<strong>4h dla mikroprzedsi\u0119biorstw, 6h dla ma\u0142ych, 8 dla \u015brednich<\/strong>) obejmuj\u0105ce:<\/p>\n\n\n\n<ul class=\"wp-block-list\">\n<li>Analiz\u0119 rzeczywistych potrzeb biznesowych przedsi\u0119biorstwa przeprowadzan\u0105 kompleksowo w obszarze zarz\u0105dzania \u015brodowiskiem.<\/li>\n\n\n\n<li>Analiz\u0119 sytuacji w organizacji w oparciu o model P3M3 \u2013 ocena sytuacji i okre\u015blenie kierunk\u00f3w rozwoju.<\/li>\n\n\n\n<li>Wsparcie metodyczne w zarz\u0105dzaniu \u015brodowiskiem z zastosowaniem metodyki PM.<\/li>\n\n\n\n<li>Wsparcie wdro\u017ceniowe w pocz\u0105tkowym okresie pierwszych 3 m-cy eko-projektu.<\/li>\n<\/ul>\n\n\n\n<p>Po zako\u0144czeniu doradztwa powstanie raport.<\/p>\n\n\n\n<p><strong>2. Opracowania dokumentu stanowi\u0105cego program lub plan wdra\u017cania konkretnych dzia\u0142a\u0144 proekologicznych&nbsp;<\/strong>u ka\u017cdego przedsi\u0119biorcy obj\u0119tego wsparciem, zawieraj\u0105cego opis zidentyfikowanych obszar\u00f3w, dla kt\u00f3rych nale\u017cy przeprowadza\u0107 takie dzia\u0142ania oraz wymierne wska\u017aniki ekonomiczne jakie pos\u0142u\u017c\u0105 ocenie skuteczno\u015bci takiego programu po jego zako\u0144czeniu lub aktualizacja takiego dokumentu w ww. zakresie, je\u015bli taki dokument ju\u017c istnieje.Program zawiera\u0107 b\u0119dzie m.in. wytyczne dotycz\u0105ce organizacji projektowej zarz\u0105dzania \u015brodowiskowego w tym plan wdra\u017cania eko-projekt\u00f3w.<\/p>\n\n\n\n<p>Liczba godzin tej cz\u0119\u015bci doradztwa wynosi:&nbsp;<strong>6h dla mikroprzedsi\u0119biorstw, 16h dla ma\u0142ych, 24 dla \u015brednich<\/strong><\/p>\n\n\n\n<p><strong>OP\u0141ATY\/WK\u0141AD W\u0141ASNY<\/strong><\/p>\n\n\n\n<p>100% koszt\u00f3w szkole\u0144 finansowanych jest z Europejskiego Funduszu Spo\u0142ecznego w formie pomocy de minimis. Uczestnicy szkole\u0144&nbsp;<strong>nie wnosz\u0105 \u017cadnych op\u0142at<\/strong>.<\/p>\n\n\n\n<p><strong>W RAMACH PROJEKTU UCZESTNIKOM ZAPEWNIAMY<\/strong><\/p>\n\n\n\n<p>W ramach uczestnictwa w projekcie, ka\u017cdy uczestnik szkolenia ma zapewnione:<\/p>\n\n\n\n<ul class=\"wp-block-list\">\n<li>prowadzenie szkolenia przez wysoko wykwalifikowanego&nbsp;trenera,<\/li>\n\n\n\n<li>odpowiednio wyposa\u017cone stanowisko szkoleniowe,<\/li>\n\n\n\n<li><strong>autorskie&nbsp;<\/strong>materia\u0142y szkoleniowe<\/li>\n\n\n\n<li>egzamin certyfikacyjny Prince2Foundation<\/li>\n\n\n\n<li>za\u015bwiadczenia o uko\u0144czeniu szkole\u0144 (przy obecno\u015bci na min. 80% zaj\u0119\u0107)<\/li>\n\n\n\n<li>catering (lunch i serwis kawowy)<\/li>\n\n\n\n<li>testy wiedzy przed i po szkoleniu<\/li>\n\n\n\n<li>w ramach projektu przewiduje si\u0119 refundacj\u0119 koszt\u00f3w dojazdu na szkolenie (ok.40% uczestnik\u00f3w) dojazd przys\u0142uguje na ka\u017cdy dzie\u0144 trwania szkolenia chyba, \u017ce uczestnik korzysta z zakwaterowania. W\u00f3wczas mo\u017ce ubiega\u0107 si\u0119 o zwrot koszt\u00f3w dojazdu za pierwszy i ostatni dzie\u0144 szkolenia.<\/li>\n\n\n\n<li>w ramach projektu przewiduje si\u0119 zakwaterowanie dla uczestnik\u00f3w szkole\u0144 dla kt\u00f3rych miejsce zamieszkania oddalone jest od miejsca szkolenia min. 50 km.&nbsp; (ok. 20% uczestnik\u00f3w)<\/li>\n<\/ul>\n\n\n\n<p><strong>LOKALIZACJA<\/strong><\/p>\n\n\n\n<p>Szkolenia realizowane s\u0105 w o\u015brodkach szkoleniowych zlokalizowanych na terenie ca\u0142ego kraju.<\/p>\n\n\n\n<p><strong>WARUNKI UCZESTNICTWA W PROJEKCIE<\/strong><\/p>\n\n\n\n<p>Warunkiem udzia\u0142u w projekcie jest:<\/p>\n\n\n\n<ul class=\"wp-block-list\">\n<li>spe\u0142nienie kryteri\u00f3w uczestnictwa w projekcie, zobacz kto mo\u017ce uczestniczy\u0107 w projekcie,<\/li>\n\n\n\n<li>zapoznanie si\u0119 z&nbsp;Regulaminem uczestnictwa w projekcie,<\/li>\n\n\n\n<li>zawarcie umowy szkoleniowej z firm\u0105 Topas sp. z o.o.,<\/li>\n\n\n\n<li>wype\u0142nienie deklaracji uczestnictwa wraz ze zgod\u0105 na przetwarzanie danych osobowych.<\/li>\n<\/ul>\n\n\n\n<p>*PRINCE2<sup>\u00ae<\/sup>&nbsp;jest znakiem handlowym nale\u017c\u0105cym do AXELOS Limited.<\/p>\n\n\n\n<p><strong>Zapisy:<\/strong><br>Osoby wyra\u017caj\u0105ce ch\u0119\u0107 uczestnictwa w projekcie prosimy o wype\u0142nienie\u00a0karty zg\u0142oszenia<br>i przes\u0142anie jej na adres e-mail: <a href=\"mailto:szkolenia@topas.com.pl\">szkolenia@topas.com.pl<\/a><\/p>\n\n\n\n<p><strong>Informacja telefoniczna i rekrutacja:<\/strong><br>tel.: 801 044\u00a0069<br><a href=\"mailto:szkolenia@topas.com.pl\">szkolenia@topas.com.pl<\/a><\/p>\n","protected":false},"excerpt":{"rendered":"<p>Projekt skierowany jest dla mikro-, ma\u0142ych i \u015brednich przedsi\u0119biorstw maj\u0105cych siedzib\u0119 na terytorium Polski oraz 432 przedsi\u0119biorc\u00f3w i\/lub pracownik\u00f3w (302 m\u0119\u017cczyzn&nbsp; i 130 kobiet) nale\u017c\u0105cych do kadry zarz\u0105dzaj\u0105cej.Minimum 20% miejsce zarezerwowanych jest dla os\u00f3b, kt\u00f3re uko\u0144czy\u0142y 50 rok \u017cycia. Projekt &hellip; <a href=\"https:\/\/topas.com.pl\/?page_id=154\">Czytaj dalej <span class=\"meta-nav\">&rarr;<\/span><\/a><\/p>\n","protected":false},"author":1,"featured_media":0,"parent":52,"menu_order":0,"comment_status":"closed","ping_status":"closed","template":"","meta":{"footnotes":""},"class_list":["post-154","page","type-page","status-publish","hentry"],"_links":{"self":[{"href":"https:\/\/topas.com.pl\/index.php?rest_route=\/wp\/v2\/pages\/154","targetHints":{"allow":["GET"]}}],"collection":[{"href":"https:\/\/topas.com.pl\/index.php?rest_route=\/wp\/v2\/pages"}],"about":[{"href":"https:\/\/topas.com.pl\/index.php?rest_route=\/wp\/v2\/types\/page"}],"author":[{"embeddable":true,"href":"https:\/\/topas.com.pl\/index.php?rest_route=\/wp\/v2\/users\/1"}],"replies":[{"embeddable":true,"href":"https:\/\/topas.com.pl\/index.php?rest_route=%2Fwp%2Fv2%2Fcomments&post=154"}],"version-history":[{"count":1,"href":"https:\/\/topas.com.pl\/index.php?rest_route=\/wp\/v2\/pages\/154\/revisions"}],"predecessor-version":[{"id":155,"href":"https:\/\/topas.com.pl\/index.php?rest_route=\/wp\/v2\/pages\/154\/revisions\/155"}],"up":[{"embeddable":true,"href":"https:\/\/topas.com.pl\/index.php?rest_route=\/wp\/v2\/pages\/52"}],"wp:attachment":[{"href":"https:\/\/topas.com.pl\/index.php?rest_route=%2Fwp%2Fv2%2Fmedia&parent=154"}],"curies":[{"name":"wp","href":"https:\/\/api.w.org\/{rel}","templated":true}]}}