{"id":183,"date":"2023-02-03T14:29:54","date_gmt":"2023-02-03T14:29:54","guid":{"rendered":"http:\/\/topas.com.pl\/?page_id=183"},"modified":"2023-02-03T14:29:55","modified_gmt":"2023-02-03T14:29:55","slug":"slaski-certyfikowany-programista-aplikacji-mobilnych","status":"publish","type":"page","link":"https:\/\/topas.com.pl\/?page_id=183","title":{"rendered":"\u015al\u0105ski certyfikowany Programista Aplikacji Mobilnych"},"content":{"rendered":"\n<p>Celem projektu:&nbsp;<strong>\u201e\u015al\u0105ski certyfikowany programista aplikacji mobilnych\u201d<\/strong>&nbsp;jest wzmocnienie potencja\u0142u 120 mikro firm ICT z woj. \u015bl\u0105skiego dzi\u0119ki podniesieniu kompetencji 140 pracownik\u00f3w z zakresu programowania aplikacji mobilnych.<\/p>\n\n\n\n<p>Okres realizacji projektu: &nbsp;01.09.2013 \u2013 30.06.2015<\/p>\n\n\n\n<p><strong>KTO MO\u017bE UCZESTNICZY\u0106 W PROJEKCIE<\/strong><\/p>\n\n\n\n<p>Projekt skierowany jest do mikro przedsi\u0119biorstw z sektora ICT (PKD 61 i\/lub 62) posiadaj\u0105cych siedzib\u0119\/jednostk\u0119 organizacyjn\u0105 na terenie woj. \u015bl\u0105skiego. Ze szkole\u0144 skorzysta 140 pracownik\u00f3w zatrudnionych* i\/lub zamieszka\u0142ych na terenie woj. \u015bl\u0105skiego. Uczestnikami szkole\u0144 mog\u0105 by\u0107 osoby samozatrudnione.\u00a0 Projekt zak\u0142ada udzia\u0142 min. 21 kobiet oraz min. 70 os\u00f3b z\u00a0niskimi kwalifikacjami**<br>*\u00a0\u00a0 wymagana umowa o prac\u0119<br>** osoba z wykszta\u0142ceniem co najwy\u017cej ponadgimnazjalnym<\/p>\n\n\n\n<p><strong>ZAKRES TEMATYCZNY<\/strong><\/p>\n\n\n\n<p>\u015acie\u017cki dost\u0119pne w projekcie:<\/p>\n\n\n\n<p>\u015acie\u017cka A: CERTYFIKOWANY PROGRAMISTA APLIKACJI NA PLATFORM\u0118 ANDROID<\/p>\n\n\n\n<ul class=\"wp-block-list\">\n<li>\u00a0\u00a0\u00a0\u00a0\u00a0\u00a0Tworzenie aplikacji w j\u0119zyku Java<\/li>\n\n\n\n<li>\u00a0\u00a0\u00a0\u00a0\u00a0\u00a0Zaawansowane technik progr. w j. Java<\/li>\n\n\n\n<li>\u00a0\u00a0\u00a0\u00a0\u00a0\u00a0Przygotowanie do egzaminu<br><strong>Egzamin: EOESF Certified Engineer for Android Application Basic Level (0A0-002)<\/strong><\/li>\n<\/ul>\n\n\n\n<p>\u015acie\u017cka B: CERTYFIKOWANY PROGRAMISTA APLIKACJI XML<\/p>\n\n\n\n<ul class=\"wp-block-list\">\n<li>\u00a0\u00a0\u00a0\u00a0\u00a0Podstawy XML<\/li>\n\n\n\n<li>\u00a0\u00a0\u00a0\u00a0\u00a0Modelowanie struktury dok. XML: XML Schema<\/li>\n\n\n\n<li>\u00a0\u00a0\u00a0\u00a0\u00a0Transformaty XSLT, programowanie SAX<\/li>\n\n\n\n<li>\u00a0\u00a0\u00a0\u00a0\u00a0Przygotowanie do egzaminu<br><strong>Egzamin:<\/strong>\u00a0<strong>XML Master Basic (I10-001)<\/strong><\/li>\n<\/ul>\n\n\n\n<p>\u015acie\u017cka C: CERTYFIKOWANY PROJEKTANT MOBILNYCH INTERFEJS\u00d3W GRAFICZNYCH<\/p>\n\n\n\n<ul class=\"wp-block-list\">\n<li>\u00a0\u00a0\u00a0\u00a0\u00a0Projektowanie zorientowane na u\u017cytkownika<\/li>\n\n\n\n<li>\u00a0\u00a0\u00a0\u00a0\u00a0Projektowanie makiet i prototyp\u00f3w Axure<\/li>\n\n\n\n<li>\u00a0\u00a0\u00a0\u00a0\u00a0Budowanie interfejs\u00f3w u\u017cytkowania<\/li>\n\n\n\n<li>\u00a0\u00a0\u00a0\u00a0\u00a0Przygotowanie do egzaminu<br><strong>Egzamin: IBUQ International Board for Usability Qualification Foundation Level<\/strong><\/li>\n<\/ul>\n\n\n\n<p>\u015acie\u017cka&nbsp; D:&nbsp;CERTYFIKOWANY PROGRAMISTA APLIKACJI NA PLATFORM\u0118 iOS<\/p>\n\n\n\n<ul class=\"wp-block-list\">\n<li>\u00a0\u00a0\u00a0\u00a0\u00a0\u00a0\u00a0Projektowanie w j\u0119zyku Objective-C<\/li>\n\n\n\n<li>\u00a0\u00a0\u00a0\u00a0\u00a0\u00a0\u00a0Warsztaty z technik budowania aplikacji w Objective-C<\/li>\n\n\n\n<li>\u00a0\u00a0\u00a0\u00a0\u00a0\u00a0\u00a0Przygotowanie do egzaminu<br><strong>Egzamin: egzamin sprawdzaj\u0105cy nabyte kompetencje<\/strong><\/li>\n<\/ul>\n\n\n\n<p>\u015acie\u017cka E: CERTYFIKOWANY PROGRAMISTA APLIKACJI US\u0141UG W CHMURZE<\/p>\n\n\n\n<ul class=\"wp-block-list\">\n<li>\u00a0\u00a0\u00a0\u00a0\u00a0\u00a0\u00a0Architektura zorientowana na us\u0142ugi<\/li>\n\n\n\n<li>\u00a0\u00a0\u00a0\u00a0\u00a0\u00a0\u00a0Projektowanie i architektura aplikacji w chmurze<\/li>\n\n\n\n<li>\u00a0\u00a0\u00a0\u00a0\u00a0\u00a0\u00a0Aplikacje internetowe w j\u0119zyku Java<\/li>\n\n\n\n<li>\u00a0\u00a0\u00a0\u00a0\u00a0\u00a0\u00a0Progr. us\u0142ugi internet. w j\u0119zyku Java<\/li>\n\n\n\n<li>\u00a0\u00a0\u00a0\u00a0\u00a0\u00a0\u00a0Przygotowanie do egzaminu<br><strong>Egzamin: Fundamental Cloud Computing<\/strong><\/li>\n<\/ul>\n\n\n\n<p><strong>OP\u0141ATY\/WK\u0141AD W\u0141ASNY<\/strong><\/p>\n\n\n\n<p>Szkolenia wsp\u00f3\u0142finansowane s\u0105 ze \u015brodk\u00f3w Unii Europejskiej w ramach Europejskiego Funduszu Spo\u0142ecznego. Uczestnicy&nbsp;<strong>nie wnosz\u0105 \u017cadnych op\u0142at.&nbsp;<\/strong>Wparcie szkoleniowe obj\u0119te jest pomoc\u0105 de minimis.<\/p>\n\n\n\n<p><strong>W RAMACH PROJEKTU UCZESTNIKOM ZAPEWNIAMY<\/strong><\/p>\n\n\n\n<p>W ramach uczestnictwa w projekcie, ka\u017cdy uczestnik szkolenia ma zapewnione:<\/p>\n\n\n\n<ul class=\"wp-block-list\">\n<li>certyfikowanych trener\u00f3w ze zweryfikowanym do\u015bwiadczeniem,<\/li>\n\n\n\n<li>przekazanie praktycznej wiedzy i \u0107wiczenie zdobytych umiej\u0119tno\u015bci,<\/li>\n\n\n\n<li>testy kompetencyjne przed i po szkoleniu,<\/li>\n\n\n\n<li>odpowiednio wyposa\u017cone stanowisko szkoleniowe,<\/li>\n\n\n\n<li>materia\u0142y edukacyjne \u2013 dla ka\u017cdej \u015bcie\u017cki oficjalny podr\u0119cznik i skrypt do ka\u017cdego tematu,<\/li>\n\n\n\n<li>artyku\u0142y pomocnicze (notes, d\u0142ugopis, teczka, segregator, pen-drive),<\/li>\n\n\n\n<li>wsparcie towarzysz\u0105ce: serwis kawowy i lunch,<\/li>\n\n\n\n<li>\u015bwiadectwo uczestnictwa w szkoleniu (przy obecno\u015bci na min. 80% zaj\u0119\u0107),<\/li>\n\n\n\n<li>przyst\u0105pienie do egzaminu certyfikuj\u0105cego,<\/li>\n\n\n\n<li>certyfikat potwierdzaj\u0105cy zdanie egzaminu.<\/li>\n<\/ul>\n\n\n\n<p><strong>LOKALIZACJA<\/strong><\/p>\n\n\n\n<p>Szkolenia realizowane s\u0105 na terenie Katowic. Biuro projektu mie\u015bci si\u0119 przy ul. Sobieskiego 11.<\/p>\n\n\n\n<p><strong>WARUNKI UCZESTNICTWA W PROJEKCIE<\/strong><\/p>\n\n\n\n<p>Warunkiem udzia\u0142u w projekcie jest:<\/p>\n\n\n\n<ul class=\"wp-block-list\">\n<li>spe\u0142nienie kryteri\u00f3w uczestnictwa w projekcie, zobacz kto mo\u017ce uczestniczy\u0107 w projekcie,<\/li>\n\n\n\n<li>zapoznanie si\u0119 z\u00a0Regulaminem\u00a0uczestnictwa w projekcie,<\/li>\n\n\n\n<li>zawarcie umowy szkoleniowej z firm\u0105 Topas sp. z o.o.,<\/li>\n\n\n\n<li>wype\u0142nienie deklaracji uczestnictwa wraz ze zgod\u0105 na przetwarzanie danych osobowych.<\/li>\n<\/ul>\n\n\n\n<p><strong>Zapisy:<\/strong><br>Osoby wyra\u017caj\u0105ce ch\u0119\u0107 uczestnictwa w projekcie prosimy o wype\u0142nienie\u00a0karty zg\u0142oszenia<br>i przes\u0142anie jej na adres e-mail:<br><a href=\"mailto:szkolenia@topas.com.pl\">szkolenia@topas.com.pl<\/a><\/p>\n\n\n\n<p><strong>Informacja telefoniczna<br>i rekrutacja :<\/strong><br>szkolenia@topas.com.pl <br>Infolinia: \u00a0801 044 069<\/p>\n","protected":false},"excerpt":{"rendered":"<p>Celem projektu:&nbsp;\u201e\u015al\u0105ski certyfikowany programista aplikacji mobilnych\u201d&nbsp;jest wzmocnienie potencja\u0142u 120 mikro firm ICT z woj. \u015bl\u0105skiego dzi\u0119ki podniesieniu kompetencji 140 pracownik\u00f3w z zakresu programowania aplikacji mobilnych. Okres realizacji projektu: &nbsp;01.09.2013 \u2013 30.06.2015 KTO MO\u017bE UCZESTNICZY\u0106 W PROJEKCIE Projekt skierowany jest do &hellip; <a href=\"https:\/\/topas.com.pl\/?page_id=183\">Czytaj dalej <span class=\"meta-nav\">&rarr;<\/span><\/a><\/p>\n","protected":false},"author":1,"featured_media":0,"parent":52,"menu_order":0,"comment_status":"closed","ping_status":"closed","template":"","meta":{"footnotes":""},"class_list":["post-183","page","type-page","status-publish","hentry"],"_links":{"self":[{"href":"https:\/\/topas.com.pl\/index.php?rest_route=\/wp\/v2\/pages\/183","targetHints":{"allow":["GET"]}}],"collection":[{"href":"https:\/\/topas.com.pl\/index.php?rest_route=\/wp\/v2\/pages"}],"about":[{"href":"https:\/\/topas.com.pl\/index.php?rest_route=\/wp\/v2\/types\/page"}],"author":[{"embeddable":true,"href":"https:\/\/topas.com.pl\/index.php?rest_route=\/wp\/v2\/users\/1"}],"replies":[{"embeddable":true,"href":"https:\/\/topas.com.pl\/index.php?rest_route=%2Fwp%2Fv2%2Fcomments&post=183"}],"version-history":[{"count":1,"href":"https:\/\/topas.com.pl\/index.php?rest_route=\/wp\/v2\/pages\/183\/revisions"}],"predecessor-version":[{"id":186,"href":"https:\/\/topas.com.pl\/index.php?rest_route=\/wp\/v2\/pages\/183\/revisions\/186"}],"up":[{"embeddable":true,"href":"https:\/\/topas.com.pl\/index.php?rest_route=\/wp\/v2\/pages\/52"}],"wp:attachment":[{"href":"https:\/\/topas.com.pl\/index.php?rest_route=%2Fwp%2Fv2%2Fmedia&parent=183"}],"curies":[{"name":"wp","href":"https:\/\/api.w.org\/{rel}","templated":true}]}}