{"id":189,"date":"2023-02-03T14:37:08","date_gmt":"2023-02-03T14:37:08","guid":{"rendered":"http:\/\/topas.com.pl\/?page_id=189"},"modified":"2023-02-03T14:37:09","modified_gmt":"2023-02-03T14:37:09","slug":"rozwoj-kapitalu-ludzkiego-firm-z-sektora-mmp","status":"publish","type":"page","link":"https:\/\/topas.com.pl\/?page_id=189","title":{"rendered":"Rozw\u00f3j kapita\u0142u ludzkiego firm z sektora MMP"},"content":{"rendered":"\n<p><strong>Projekt zako\u0144czony (zrealizowany).<\/strong><\/p>\n\n\n\n<p><strong>Kto mo\u017ce uczestniczy\u0107 w projekcie:<\/strong><\/p>\n\n\n\n<p>Do udzia\u0142u w projekcie szkoleniowym zapraszamy osoby&nbsp;<strong>zatrudnione na umow\u0119 o prac\u0119<\/strong>&nbsp;\u2013&nbsp;<strong>pracownik\u00f3w, osoby z kadry zarz\u0105dzaj\u0105cej lub w\u0142a\u015bcicieli przedsi\u0119biorstw MMP<\/strong>&nbsp;(mikro, ma\u0142ych przedsi\u0119biorstw) maj\u0105cych siedzib\u0119 lub oddzia\u0142&nbsp;<strong>na terenie woj. \u0142\u00f3dzkiego<\/strong>.<br>W szkoleniach nie mog\u0105 bra\u0107 udzia\u0142u osoby zatrudnione na umowy cywilno prawne.<\/p>\n\n\n\n<p>Data realizacji projektu:&nbsp;<strong>02.11.2011 r. do 30.09.2013 r.<\/strong><\/p>\n\n\n\n<p><strong>Szkolenia odbywaj\u0105 si\u0119 w dni robocze<\/strong>, w godz. 9.00- 16.00, w o\u015brodku Topas sp.z o.o. w \u0141odzi, Al. Ko\u015bciuszki 103\/105.<br>Liczba s\u0142uchaczy w grupie wynosi 10-15 os\u00f3b.<\/p>\n\n\n\n<p><strong>Tematyka szkole\u0144:<\/strong><\/p>\n\n\n\n<p>Ka\u017cdy uczestnik projektu obowi\u0105zkowo bierze udzia\u0142 w szkoleniu<\/p>\n\n\n\n<ul class=\"wp-block-list\">\n<li>Zarz\u0105dzanie firm\u0105 r\u00f3wnych szans\u00a0\u2013\u00a0 1 dzie\u0144<\/li>\n<\/ul>\n\n\n\n<p>a dodatkowo ma mo\u017cliwo\u015b\u0107 uczestniczenia w dowolnie wybranych szkoleniach.<\/p>\n\n\n\n<p><strong>Zarz\u0105dzanie \u2013&nbsp;<\/strong>3 dni<\/p>\n\n\n\n<ul class=\"wp-block-list\">\n<li>Organizacja sprzeda\u017cy przez internet \u2013 jak zbudowa\u0107 e-sklep<\/li>\n\n\n\n<li>MS Project \u2013 optymalizacja koszt\u00f3w pracy<\/li>\n\n\n\n<li>Zarz\u0105dzanie projektami wg standardu PMI<\/li>\n\n\n\n<li>Zarz\u0105dzanie zmian\u0105<\/li>\n\n\n\n<li>Prawne aspekty zarz\u0105dzania zasobami ludzkimi<\/li>\n\n\n\n<li>Zarz\u0105dzanie dzia\u0142alno\u015bci\u0105 marketingow\u0105<\/li>\n<\/ul>\n\n\n\n<p><strong>Zarz\u0105dzanie zespo\u0142em \u2013&nbsp;<\/strong>2 dni<\/p>\n\n\n\n<ul class=\"wp-block-list\">\n<li>MS Project \u2013 organizacja zespo\u0142u projektowego<br>Zarz\u0105dzanie w zespole \u2013 praktyczne aspekty pracy Projekt Managera<\/li>\n<\/ul>\n\n\n\n<p><strong>Osobiste kompetencje mened\u017cera \u2013&nbsp;<\/strong>2 dni<\/p>\n\n\n\n<ul class=\"wp-block-list\">\n<li>Narz\u0119dzia do komunikacji i wspomagania pracy grupowej \u2013 SharePoint<br>Zarz\u0105dzanie czasem przy pomocy MS Outlook<\/li>\n\n\n\n<li>MS Power Point \u2013 prezentacje i wyst\u0105pienie publiczne<\/li>\n\n\n\n<li>Wywieranie wp\u0142ywu<\/li>\n\n\n\n<li>Asertywno\u015b\u0107 w pracy Managera<\/li>\n\n\n\n<li>Motywowanie pracownik\u00f3w<\/li>\n<\/ul>\n\n\n\n<p><strong>Prawo i finanse dla mened\u017cer\u00f3w \u2013&nbsp;<\/strong>3 dni<\/p>\n\n\n\n<ul class=\"wp-block-list\">\n<li>Tworzenie plan\u00f3w biznesowy przy pomocy EXBIZ<\/li>\n\n\n\n<li>MS Excel 2007 \u2013 analiza danych gospodarczych podstawy<\/li>\n\n\n\n<li>MS Excel 2007 \u2013 analiza danych gospodarczych dla zaawansowanych<\/li>\n\n\n\n<li>Finanse dla niefinansist\u00f3w<\/li>\n\n\n\n<li>Kompendium wiedzy finansowej<\/li>\n<\/ul>\n\n\n\n<p>Prosimy o zapoznanie si\u0119 z harmonogramem szkole\u0144.<\/p>\n\n\n\n<p><strong>Op\u0142aty i wk\u0142ad w\u0142asny:<\/strong><\/p>\n\n\n\n<p><strong>Uczestnicy nie wnosz\u0105 \u017cadnych op\u0142at.<\/strong><\/p>\n\n\n\n<p>Koszt udzia\u0142u w szkoleniach jest dofinansowany przez Europejski Fundusz Spo\u0142eczny. Istnieje mo\u017cliwo\u015b\u0107 zwrotu koszt\u00f3w dojazdu i noclegu dla uczestnik\u00f3w.<\/p>\n\n\n\n<p><strong>Zapisy:<\/strong><br>Osoby wyra\u017caj\u0105ce ch\u0119\u0107 uczestnictwa w projekcie prosimy o wype\u0142nienie Karty zg\u0142oszenia i przes\u0142anie jej na adres e-mail: szkolenia@topas.com.pl.<\/p>\n\n\n\n<p>Mo\u017cliwe jest r\u00f3wnie\u017c dostarczenia karty osobi\u015bcie lub przes\u0142anie poczt\u0105 do biura projektu: Al.Ko\u015bciuszki 103\/105, 90-441 \u0141\u00f3d\u017a.<\/p>\n\n\n\n<p>Informacja telefoniczna:<br>609 191 257<\/p>\n\n\n\n<p><strong>Rekrutacja:<\/strong><br><a href=\"mailto:szkolenia@topas.com.pl\">szkolenia@topas.com.pl<\/a> <\/p>\n","protected":false},"excerpt":{"rendered":"<p>Projekt zako\u0144czony (zrealizowany). Kto mo\u017ce uczestniczy\u0107 w projekcie: Do udzia\u0142u w projekcie szkoleniowym zapraszamy osoby&nbsp;zatrudnione na umow\u0119 o prac\u0119&nbsp;\u2013&nbsp;pracownik\u00f3w, osoby z kadry zarz\u0105dzaj\u0105cej lub w\u0142a\u015bcicieli przedsi\u0119biorstw MMP&nbsp;(mikro, ma\u0142ych przedsi\u0119biorstw) maj\u0105cych siedzib\u0119 lub oddzia\u0142&nbsp;na terenie woj. \u0142\u00f3dzkiego.W szkoleniach nie mog\u0105 bra\u0107 &hellip; <a href=\"https:\/\/topas.com.pl\/?page_id=189\">Czytaj dalej <span class=\"meta-nav\">&rarr;<\/span><\/a><\/p>\n","protected":false},"author":1,"featured_media":0,"parent":52,"menu_order":0,"comment_status":"closed","ping_status":"closed","template":"","meta":{"footnotes":""},"class_list":["post-189","page","type-page","status-publish","hentry"],"_links":{"self":[{"href":"https:\/\/topas.com.pl\/index.php?rest_route=\/wp\/v2\/pages\/189","targetHints":{"allow":["GET"]}}],"collection":[{"href":"https:\/\/topas.com.pl\/index.php?rest_route=\/wp\/v2\/pages"}],"about":[{"href":"https:\/\/topas.com.pl\/index.php?rest_route=\/wp\/v2\/types\/page"}],"author":[{"embeddable":true,"href":"https:\/\/topas.com.pl\/index.php?rest_route=\/wp\/v2\/users\/1"}],"replies":[{"embeddable":true,"href":"https:\/\/topas.com.pl\/index.php?rest_route=%2Fwp%2Fv2%2Fcomments&post=189"}],"version-history":[{"count":1,"href":"https:\/\/topas.com.pl\/index.php?rest_route=\/wp\/v2\/pages\/189\/revisions"}],"predecessor-version":[{"id":190,"href":"https:\/\/topas.com.pl\/index.php?rest_route=\/wp\/v2\/pages\/189\/revisions\/190"}],"up":[{"embeddable":true,"href":"https:\/\/topas.com.pl\/index.php?rest_route=\/wp\/v2\/pages\/52"}],"wp:attachment":[{"href":"https:\/\/topas.com.pl\/index.php?rest_route=%2Fwp%2Fv2%2Fmedia&parent=189"}],"curies":[{"name":"wp","href":"https:\/\/api.w.org\/{rel}","templated":true}]}}