{"id":192,"date":"2023-02-03T14:42:14","date_gmt":"2023-02-03T14:42:14","guid":{"rendered":"http:\/\/topas.com.pl\/?page_id=192"},"modified":"2023-02-03T14:42:15","modified_gmt":"2023-02-03T14:42:15","slug":"odpowiedzialny-i-zrownowazony-rozwoj","status":"publish","type":"page","link":"https:\/\/topas.com.pl\/?page_id=192","title":{"rendered":"Odpowiedzialny i zr\u00f3wnowa\u017cony rozw\u00f3j"},"content":{"rendered":"\n<p><strong>Projekt zako\u0144czony (zrealizowany).<\/strong><\/p>\n\n\n\n<p>Budowa pozycji Baumit Sp. z o.o. poprzez rozw\u00f3j kapita\u0142u ludzkiego w firmie<\/p>\n\n\n\n<p>Projekt partnerski , kt\u00f3rego beneficjentem, jest&nbsp; Baumit Sp. z o.o. producent materia\u0142\u00f3w budowlanych. Firma specjalizuje si\u0119 w takich produktach jak: elewacje tynki, specjalistyczne materia\u0142y wyko\u0144czeniowe, produkty do renowacji zabytk\u00f3w. W Polsce dzia\u0142a od 15 lat, posiada struktury organizacyjne w trzech wojew\u00f3dztwach: dolno\u015bl\u0105skim , \u0142\u00f3dzkim i wielkopolskim.<\/p>\n\n\n\n<p><strong>Cel projektu:<\/strong><\/p>\n\n\n\n<p>Celem projektu jest wyposa\u017cenie do 31.07.2013 roku , 182 pracownik\u00f3w firmy w wiedz\u0119, umiej\u0119tno\u015bci i narz\u0119dzia m. in. z zakresu zarz\u0105dzania firm\u0105, efektywnej sprzeda\u017cy, komunikacji, dzi\u0119ki czemu mo\u017cliwa b\u0119dzie realizacja cel\u00f3w strategicznych firmy.<\/p>\n\n\n\n<p>Projekt ma istotnie przybli\u017cy\u0107 osi\u0105gni\u0119cie cel\u00f3w strategicznych zapisanych w strategii firmy na lata 2008- 2012 tj.:<\/p>\n\n\n\n<p>\u2013 oferowanie szerokiego wachlarza innowacyjnych produkt\u00f3w, korzystnych cenowo dzi\u0119ki kontroli koszt\u00f3w i efektywnemu zarz\u0105dzaniu przedsi\u0119biorstwem na ka\u017cdym jego poziomie,<\/p>\n\n\n\n<p>\u2013 rozwijanie skutecznej sieci sprzeda\u017cy poprzez profesjonalizm obs\u0142ugi klienta przyczyniaj\u0105cy si\u0119 do pozyskiwania nowych klient\u00f3w i budowania d\u0142ugoterminowych relacji z klientami.<\/p>\n\n\n\n<p><strong>Zasi\u0119g projektu:<\/strong><\/p>\n\n\n\n<p>Projekt realizowany jest na terenie Polski, g\u0142\u00f3wnie w wojew\u00f3dztwach dolno\u015bl\u0105skim, \u0142\u00f3dzkim i wielkopolskim. Grupe docelow astanowia pracownicy firmy Baumit Sp z o.o.<\/p>\n\n\n\n<p><strong>Tematyka szkole\u0144<\/strong><\/p>\n\n\n\n<p>W projekcie za\u0142o\u017cono realizacj\u0119 nast\u0119puj\u0105cych \u015bcie\u017cek szkoleniowych:<\/p>\n\n\n\n<ul class=\"wp-block-list\">\n<li>Strategiczne zarz\u0105dzanie organizacj\u0105<\/li>\n\n\n\n<li>Profesjonalny manager firmy Baumit Sp. z o.o.<\/li>\n\n\n\n<li>Skuteczny handlowiec firmy Baumit Sp. z o.o.<\/li>\n<\/ul>\n\n\n\n<p>Ka\u017cda ze \u015bcie\u017cek zawiera element doradztwa w zakresie rozwoju pracownika oraz doradztwa biznesowego dla firmy.<\/p>\n\n\n\n<p><strong>Jako uzupe\u0142nienie zaplanowane zosta\u0142y nastepuj\u0105ce szkolenia:<\/strong><\/p>\n\n\n\n<ul class=\"wp-block-list\">\n<li>MS EXCEL \u2013 poziom podstawowy i zaawansowany<\/li>\n\n\n\n<li>Podstawy obs\u0142ugi komputera<\/li>\n\n\n\n<li>Sztuka robienia dobrej prezentacji<\/li>\n\n\n\n<li>Podatek VAT<\/li>\n\n\n\n<li>Podatek dochodowy\/CIT<\/li>\n\n\n\n<li>Windykacja \u2013 psychologia odzyskiwania nale\u017cno\u015bci, modele kontrolne<\/li>\n\n\n\n<li>Dotacje unijne<\/li>\n\n\n\n<li>Niedozwolone praktyki rynkowe<\/li>\n\n\n\n<li>Ocena pracownika\/Assesment center<\/li>\n<\/ul>\n","protected":false},"excerpt":{"rendered":"<p>Projekt zako\u0144czony (zrealizowany). Budowa pozycji Baumit Sp. z o.o. poprzez rozw\u00f3j kapita\u0142u ludzkiego w firmie Projekt partnerski , kt\u00f3rego beneficjentem, jest&nbsp; Baumit Sp. z o.o. producent materia\u0142\u00f3w budowlanych. Firma specjalizuje si\u0119 w takich produktach jak: elewacje tynki, specjalistyczne materia\u0142y wyko\u0144czeniowe, &hellip; <a href=\"https:\/\/topas.com.pl\/?page_id=192\">Czytaj dalej <span class=\"meta-nav\">&rarr;<\/span><\/a><\/p>\n","protected":false},"author":1,"featured_media":0,"parent":52,"menu_order":0,"comment_status":"closed","ping_status":"closed","template":"","meta":{"footnotes":""},"class_list":["post-192","page","type-page","status-publish","hentry"],"_links":{"self":[{"href":"https:\/\/topas.com.pl\/index.php?rest_route=\/wp\/v2\/pages\/192","targetHints":{"allow":["GET"]}}],"collection":[{"href":"https:\/\/topas.com.pl\/index.php?rest_route=\/wp\/v2\/pages"}],"about":[{"href":"https:\/\/topas.com.pl\/index.php?rest_route=\/wp\/v2\/types\/page"}],"author":[{"embeddable":true,"href":"https:\/\/topas.com.pl\/index.php?rest_route=\/wp\/v2\/users\/1"}],"replies":[{"embeddable":true,"href":"https:\/\/topas.com.pl\/index.php?rest_route=%2Fwp%2Fv2%2Fcomments&post=192"}],"version-history":[{"count":1,"href":"https:\/\/topas.com.pl\/index.php?rest_route=\/wp\/v2\/pages\/192\/revisions"}],"predecessor-version":[{"id":193,"href":"https:\/\/topas.com.pl\/index.php?rest_route=\/wp\/v2\/pages\/192\/revisions\/193"}],"up":[{"embeddable":true,"href":"https:\/\/topas.com.pl\/index.php?rest_route=\/wp\/v2\/pages\/52"}],"wp:attachment":[{"href":"https:\/\/topas.com.pl\/index.php?rest_route=%2Fwp%2Fv2%2Fmedia&parent=192"}],"curies":[{"name":"wp","href":"https:\/\/api.w.org\/{rel}","templated":true}]}}