{"id":78,"date":"2023-01-26T13:30:39","date_gmt":"2023-01-26T13:30:39","guid":{"rendered":"http:\/\/topas.com.pl\/?page_id=78"},"modified":"2023-01-26T13:30:40","modified_gmt":"2023-01-26T13:30:40","slug":"prace-rozwojowe-w-celu-stworzenia-innowacyjnej-uslugi-wspomagajacej-zarzadzanie-kompetencjami-poznawczymi-w-przedsiebiorstwach","status":"publish","type":"page","link":"https:\/\/topas.com.pl\/?page_id=78","title":{"rendered":"Prace rozwojowe w celu stworzenia innowacyjnej us\u0142ugi wspomagaj\u0105cej zarz\u0105dzanie kompetencjami poznawczymi w przedsi\u0119biorstwach"},"content":{"rendered":"\n<p>Okres realizacji:&nbsp;<strong>02.05.2017 \u2013 30.06.2018<\/strong><\/p>\n\n\n\n<p>Projekt wsp\u00f3\u0142finansowany z Europejskiego Funduszu Rozwoju Regionalnego w ramach Osi Priotytetowej I \u201eWykorzystanie dzia\u0142alno\u015bci badawczo-rozwojowej w gospodarce\u201d dzia\u0142ania 1.2 \u201eDzia\u0142alno\u015b\u0107 badawczo-rozwojowa przedsi\u0119biorstw\u201d Regionalnego Programu Operacyjnego Wojew\u00f3dztwa Mazowieckiego na lata 2014 \u2013 2020.<\/p>\n\n\n\n<p>Celem projektu jest przeprowadzenia prac badawczych w obszarze metod diagnozy umiej\u0119tno\u015bci poznawczych i pokrewnych im kompetencji przy u\u017cyciu urz\u0105dze\u0144 mierz\u0105cych stopie\u0144 koncentracji uwagi, w ocenie potencja\u0142u kompetencyjnego pracownik\u00f3w i kandydat\u00f3w do pracy.<br>Efektem projektu jest uzyskanie niezb\u0119dnej wiedzy w celu wdro\u017cenia na rynek innowacyjnej us\u0142ugi doradczej.<\/p>\n\n\n\n<p>Ca\u0142kowita warto\u015b\u0107 projektu&nbsp;<strong>284 130,00 z\u0142<\/strong><\/p>\n\n\n\n<p>Dofinansowanie&nbsp;<strong>177 870,00 z\u0142<\/strong><\/p>\n","protected":false},"excerpt":{"rendered":"<p>Okres realizacji:&nbsp;02.05.2017 \u2013 30.06.2018 Projekt wsp\u00f3\u0142finansowany z Europejskiego Funduszu Rozwoju Regionalnego w ramach Osi Priotytetowej I \u201eWykorzystanie dzia\u0142alno\u015bci badawczo-rozwojowej w gospodarce\u201d dzia\u0142ania 1.2 \u201eDzia\u0142alno\u015b\u0107 badawczo-rozwojowa przedsi\u0119biorstw\u201d Regionalnego Programu Operacyjnego Wojew\u00f3dztwa Mazowieckiego na lata 2014 \u2013 2020. Celem projektu jest przeprowadzenia &hellip; <a href=\"https:\/\/topas.com.pl\/?page_id=78\">Czytaj dalej <span class=\"meta-nav\">&rarr;<\/span><\/a><\/p>\n","protected":false},"author":1,"featured_media":0,"parent":52,"menu_order":0,"comment_status":"closed","ping_status":"closed","template":"","meta":{"footnotes":""},"class_list":["post-78","page","type-page","status-publish","hentry"],"_links":{"self":[{"href":"https:\/\/topas.com.pl\/index.php?rest_route=\/wp\/v2\/pages\/78","targetHints":{"allow":["GET"]}}],"collection":[{"href":"https:\/\/topas.com.pl\/index.php?rest_route=\/wp\/v2\/pages"}],"about":[{"href":"https:\/\/topas.com.pl\/index.php?rest_route=\/wp\/v2\/types\/page"}],"author":[{"embeddable":true,"href":"https:\/\/topas.com.pl\/index.php?rest_route=\/wp\/v2\/users\/1"}],"replies":[{"embeddable":true,"href":"https:\/\/topas.com.pl\/index.php?rest_route=%2Fwp%2Fv2%2Fcomments&post=78"}],"version-history":[{"count":1,"href":"https:\/\/topas.com.pl\/index.php?rest_route=\/wp\/v2\/pages\/78\/revisions"}],"predecessor-version":[{"id":79,"href":"https:\/\/topas.com.pl\/index.php?rest_route=\/wp\/v2\/pages\/78\/revisions\/79"}],"up":[{"embeddable":true,"href":"https:\/\/topas.com.pl\/index.php?rest_route=\/wp\/v2\/pages\/52"}],"wp:attachment":[{"href":"https:\/\/topas.com.pl\/index.php?rest_route=%2Fwp%2Fv2%2Fmedia&parent=78"}],"curies":[{"name":"wp","href":"https:\/\/api.w.org\/{rel}","templated":true}]}}