{"id":82,"date":"2023-01-26T13:34:35","date_gmt":"2023-01-26T13:34:35","guid":{"rendered":"http:\/\/topas.com.pl\/?page_id=82"},"modified":"2023-01-26T13:34:36","modified_gmt":"2023-01-26T13:34:36","slug":"innowacyjne-uslugi-dzieki-badaniom-nad-zastosowaniem-biofeedbacku","status":"publish","type":"page","link":"https:\/\/topas.com.pl\/?page_id=82","title":{"rendered":"Innowacyjne us\u0142ugi dzi\u0119ki badaniom nad zastosowaniem biofeedbacku"},"content":{"rendered":"\n<p>Okres realizacji:&nbsp;<strong>20.06.2016 \u2013 28.02.2017<\/strong><\/p>\n\n\n\n<p>Projekt wsp\u00f3\u0142finansowany z Europejskiego Funduszu Rozwoju Regionalnego w ramach Osi Priotytetowej I \u201eWykorzystanie dzia\u0142alno\u015bci badawczo-rozwojowej w gospodarce\u201d dzia\u0142ania 1.2 \u201eDzia\u0142alno\u015b\u0107 badawczo-rozwojowa przedsi\u0119biorstw\u201d Regionalnego Programu Operacyjnego Wojew\u00f3dztwa Mazowieckiego na lata 2014 \u2013 2020.<\/p>\n\n\n\n<p>Celem projektu by\u0142o przeprowadzenia prac badawczych w zakresie wykorzystania wska\u017anik\u00f3w biofeedbackowych w diagnozie potencja\u0142u kompetencyjnego pracownik\u00f3w i kandydat\u00f3w do pracy.<br>Efektem projektu jest uzyskanie niezb\u0119dnej wiedzy w celu wdro\u017cenia na rynek innowacyjnej us\u0142ugi doradczej.<\/p>\n\n\n\n<p>Ca\u0142kowita warto\u015b\u0107 projektu&nbsp;<strong>119 925,00 z\u0142<\/strong><\/p>\n\n\n\n<p>Dofinansowanie&nbsp;<strong>73 125,00 z\u0142<\/strong><\/p>\n","protected":false},"excerpt":{"rendered":"<p>Okres realizacji:&nbsp;20.06.2016 \u2013 28.02.2017 Projekt wsp\u00f3\u0142finansowany z Europejskiego Funduszu Rozwoju Regionalnego w ramach Osi Priotytetowej I \u201eWykorzystanie dzia\u0142alno\u015bci badawczo-rozwojowej w gospodarce\u201d dzia\u0142ania 1.2 \u201eDzia\u0142alno\u015b\u0107 badawczo-rozwojowa przedsi\u0119biorstw\u201d Regionalnego Programu Operacyjnego Wojew\u00f3dztwa Mazowieckiego na lata 2014 \u2013 2020. Celem projektu by\u0142o przeprowadzenia &hellip; <a href=\"https:\/\/topas.com.pl\/?page_id=82\">Czytaj dalej <span class=\"meta-nav\">&rarr;<\/span><\/a><\/p>\n","protected":false},"author":1,"featured_media":0,"parent":52,"menu_order":0,"comment_status":"closed","ping_status":"closed","template":"","meta":{"footnotes":""},"class_list":["post-82","page","type-page","status-publish","hentry"],"_links":{"self":[{"href":"https:\/\/topas.com.pl\/index.php?rest_route=\/wp\/v2\/pages\/82","targetHints":{"allow":["GET"]}}],"collection":[{"href":"https:\/\/topas.com.pl\/index.php?rest_route=\/wp\/v2\/pages"}],"about":[{"href":"https:\/\/topas.com.pl\/index.php?rest_route=\/wp\/v2\/types\/page"}],"author":[{"embeddable":true,"href":"https:\/\/topas.com.pl\/index.php?rest_route=\/wp\/v2\/users\/1"}],"replies":[{"embeddable":true,"href":"https:\/\/topas.com.pl\/index.php?rest_route=%2Fwp%2Fv2%2Fcomments&post=82"}],"version-history":[{"count":1,"href":"https:\/\/topas.com.pl\/index.php?rest_route=\/wp\/v2\/pages\/82\/revisions"}],"predecessor-version":[{"id":83,"href":"https:\/\/topas.com.pl\/index.php?rest_route=\/wp\/v2\/pages\/82\/revisions\/83"}],"up":[{"embeddable":true,"href":"https:\/\/topas.com.pl\/index.php?rest_route=\/wp\/v2\/pages\/52"}],"wp:attachment":[{"href":"https:\/\/topas.com.pl\/index.php?rest_route=%2Fwp%2Fv2%2Fmedia&parent=82"}],"curies":[{"name":"wp","href":"https:\/\/api.w.org\/{rel}","templated":true}]}}