{"id":86,"date":"2023-01-26T13:55:57","date_gmt":"2023-01-26T13:55:57","guid":{"rendered":"http:\/\/topas.com.pl\/?page_id=86"},"modified":"2023-01-26T15:01:47","modified_gmt":"2023-01-26T15:01:47","slug":"zachodniopomorska-akademia-programistyczna","status":"publish","type":"page","link":"https:\/\/topas.com.pl\/?page_id=86","title":{"rendered":"Zachodniopomorska Akademia Programistyczna"},"content":{"rendered":"\n<p>Celem projektu jest wzmocnienie potencja\u0142u intelektualnego firm IT poprzez wzrost kwalifikacji ich pracownik\u00f3w w wojew\u00f3dztwie zachodniopomorskim, kt\u00f3ry b\u0119dzie realizowany poprzez:<br>\u2013 poszerzenie kwalifikacji z zakresu IT przez 117 pracownik\u00f3w firm IT<br>\u2013 zdobycie certyfikat\u00f3w kompetencji przez min. 104 osoby<\/p>\n\n\n\n<p>Okres realizacji projektu: <strong>01.05.2012 r. \u2013 30.11.2013 r.<\/strong><br>Szkolenia odbywaj\u0105 si\u0119 w dni robocze, w godzinach 8:00-16:00.<br>Liczba os\u00f3b w grupie wynosi 10. Ka\u017cdy z uczestnik\u00f3w we\u017amie udzia\u0142 w 2 wybranych \u015bcie\u017ckach szkoleniowych.<\/p>\n\n\n\n<p><strong>Kto mo\u017ce uczestniczy\u0107 w projekcie:<\/strong><\/p>\n\n\n\n<p>Do udzia\u0142u w projekcie szkoleniowym zapraszamy firmy z bran\u017cy ICT i ich pracownik\u00f3w. Projekt jest otwarty dla mikro-, ma\u0142ych, \u015brednich i du\u017cych przedsi\u0119biorstw, maj\u0105cych jednostk\u0119 organizacyjn\u0105 w woj. zachodniopomorskim.<\/p>\n\n\n\n<p>Szkolenia skierowane s\u0105 do <strong>pracownik\u00f3w, zatrudnionych na podstawie umowy o prac\u0119, pracuj\u0105cych lub mieszkaj\u0105cych w woj. Zachodniopomorskim, zatrudnionych jako analitycy, architekci IT, programi\u015bci i testerzy bez certyfikat\u00f3w kompetencji zawodowych oraz kadra mened\u017cerska<\/strong> odpowiadaj\u0105ca za skuteczno\u015b\u0107 dzia\u0142ania zespo\u0142\u00f3w pracowniczych.<\/p>\n\n\n\n<p><strong>Zakres tematyczny szkole\u0144:<\/strong><\/p>\n\n\n\n<ol class=\"wp-block-list\">\n<li><strong>Certyfikowany PROFESJONALISTA UML<\/strong> w tym:\n<ul class=\"wp-block-list\">\n<li><a href=\"https:\/\/topas.com.pl\/wp-content\/uploads\/2023\/01\/programy\/topzap\/analiza_i_modelowanie_systemow_it_z_wykorzystaniem_uml2_uml_topzap.pdf\">Analiza i modelowanie system\u00f3w IT z wykorzystaniem UML2<\/a> (5 dni)<\/li>\n\n\n\n<li><a href=\"https:\/\/topas.com.pl\/wp-content\/uploads\/2023\/01\/programy\/topzap\/warsztat_przygotowawczy_do_egzaminu_omg_uml_ocup_f_topzap.pdf\">Warsztat przygotowania do egzaminu OMG UML<\/a> (3 dni)<\/li>\n<\/ul>\n<\/li>\n\n\n\n<li><strong>Certyfikowany ANALITYK WYMAGA\u0143<\/strong> w tym:\n<ul class=\"wp-block-list\">\n<li><a href=\"https:\/\/topas.com.pl\/wp-content\/uploads\/2023\/01\/programy\/topzap\/zarzadzanie_wymaganiami_zw_topzap.pdf\">Zarz\u0105dzanie wymaganiami<\/a> (5 dni)<\/li>\n\n\n\n<li><a href=\"https:\/\/topas.com.pl\/wp-content\/uploads\/2023\/01\/programy\/topzap\/przypadki_uzycia_uc_topzap.pdf\">Przypadki u\u017cycia<\/a> (3 dni)<\/li>\n\n\n\n<li><a href=\"https:\/\/topas.com.pl\/wp-content\/uploads\/2023\/01\/programy\/topzap\/przygotowanie_do_certyfikacji_reqbf_topzap.pdf\">Przygotowanie do certyfikacji REQB<\/a>(2 dni)<\/li>\n<\/ul>\n<\/li>\n\n\n\n<li><strong>Certyfikowany PROFESJONALISTA MODELOWANIA PROCES\u00d3W<\/strong> w tym:\n<ul class=\"wp-block-list\">\n<li><a href=\"https:\/\/topas.com.pl\/wp-content\/uploads\/2023\/01\/programy\/topzap\/modelowanie_procesow_w_notacji_bpmn_topzap.pdf\">Modelowanie proces\u00f3w w notacji BPMN<\/a> (2 dni)<\/li>\n\n\n\n<li><a href=\"https:\/\/topas.com.pl\/wp-content\/uploads\/2023\/01\/programy\/topzap\/warsztat_przygotowujacy_do_egzaminu_omg_bpmn_oceb_f_topzap.pdf\">Warsztat przygotowania do egzaminu OMG BPMN<\/a> (2 dni)<\/li>\n<\/ul>\n<\/li>\n\n\n\n<li><strong>CertyfikowanyPROGRAMISTA-SPECJALISTA TECHNOLOGII MICROSOFT&nbsp;<\/strong>w tym:\n<ul class=\"wp-block-list\">\n<li>Programowanie w C# (5 dni)\n\n\n\n<\/li>\n\n\n\n<li>Visual Studio 2010:programowanie aplikacji (5 dni)<\/li>\n\n\n\n<li><a href=\"https:\/\/topas.com.pl\/wp-content\/uploads\/2023\/01\/programy\/topzap\/warsztat_przygotowania_do_egzaminu_w515_topzap.pdf\">Warsztat przygotowuj\u0105cy do egzaminu<\/a> (5 dni) <br>po pozytywnym wyniku egzaminu \u2013 certyfikat <strong>Microsoft Certified Technology Specialist<\/strong><\/li>\n<\/ul>\n<\/li>\n\n\n\n<li><strong>Certyfikowany PROFESJONALISTA TESTER<\/strong> w tym:\n<ul class=\"wp-block-list\">\n<li><a href=\"https:\/\/topas.com.pl\/wp-content\/uploads\/2023\/01\/programy\/topzap\/wstep_do_testowania_wt_topzap.pdf\">Wst\u0119p do testowania<\/a> (2 dni)<\/li>\n\n\n\n<li><a href=\"https:\/\/topas.com.pl\/wp-content\/uploads\/2023\/01\/programy\/topzap\/przygotowanie_do_certyfikacji_istqb_pts_topzap.pdf\">Przygotowanie do certyfikacji ISTQ-B<\/a> (3 dni)<\/li>\n<\/ul>\n<\/li>\n<\/ol>\n\n\n\n<p>W ramach projektu realizowane b\u0119d\u0105 nast\u0119puj\u0105ce szkolenia:<\/p>\n\n\n\n<p><strong>Op\u0142aty i wk\u0142ad w\u0142asny:<\/strong><\/p>\n\n\n\n<p>Udzia\u0142u w szkoleniach jest w <strong>100% dofinansowany<\/strong> przez Europejski Fundusz Spo\u0142eczny. Uczestnicy nie wnosz\u0105 op\u0142at za szkolenia.<\/p>\n\n\n\n<p><strong>W ramach projektu uczestnikom zapewniamy:<\/strong><\/p>\n\n\n\n<ul class=\"wp-block-list\">\n<li>analiz\u0119 potrzeb szkoleniowych \u2013 obligatoryjny test bazowych kompetencji IT<\/li>\n\n\n\n<li>prowadzenie szkolenia przez wysoko wykwalifikowanego trenera,<\/li>\n\n\n\n<li>odpowiednio wyposa\u017cone stanowisko szkoleniowe,<\/li>\n\n\n\n<li>materia\u0142y pomocnicze (materia\u0142y szkoleniowe, notatnik, d\u0142ugopis, itp.),<\/li>\n\n\n\n<li>testy wiedzy przed i po szkoleniu (pre- i post- testy),<\/li>\n\n\n\n<li>\u015bwiadectwo uczestnictwa ( przy obecno\u015bci na min. 90% zaj\u0119\u0107),<\/li>\n\n\n\n<li>obiad i 2 przerwy kawowe w ci\u0105gu dnia,<\/li>\n<\/ul>\n\n\n\n<p><strong>Lokalizacja<\/strong><br>Al. Wojska Polskiego 7, 70-470 Szczecin.<\/p>\n\n\n\n<p><strong>Warunkiem udzia\u0142u w cyklu szkoleniowym jest:<\/strong><\/p>\n\n\n\n<ul class=\"wp-block-list\">\n<li>spe\u0142nienie kryteri\u00f3w uczestnictwa w projekcie, zobacz kto mo\u017ce uczestniczy\u0107 w projekcie (link)<\/li>\n\n\n\n<li>zapoznanie si\u0119 z <a href=\"https:\/\/topas.com.pl\/wp-content\/uploads\/2023\/01\/programy\/topzap\/regulamin_uczestnictwa_topzap.pdf\">Regulaminem<\/a> uczestnictwa w projekcie<\/li>\n\n\n\n<li>zawarcie umowy szkoleniowej pomi\u0119dzy Topas Sp. z o.o. a uczestnikiem<\/li>\n\n\n\n<li>wype\u0142nienia oraz dostarczenie wszystkich wymaganych dokument\u00f3w rekrutacyjnych<\/li>\n<\/ul>\n\n\n\n<p><strong>Zapisy:<br><\/strong>Osoby wyra\u017caj\u0105ce ch\u0119\u0107 uczestnictwa w projekcie prosimy o wype\u0142nienie Karty zg\u0142oszenia i przes\u0142anie jej na adres e-mail: <a href=\"mailto:szkolenia.efs@skills-edu.pl\">szkolenia.efs@skills-edu.pl<\/a>\u2013 skan dokumentu.<br>Mo\u017cliwe jest r\u00f3wnie\u017c dostarczenie karty osobi\u015bcie lub przes\u0142anie poczt\u0105 do biura projektu:<br>Al. Wojska Polskiego 7,<br>70-470 Szczecin.<\/p>\n\n\n\n<p><strong>Informacja telefoniczna i rekrutacja:<br><\/strong>Rafa\u0142 Dro\u017adziewicz<br><a href=\"mailto:szkolenia.efs@skills-edu.pl\">szkolenia.efs@skills-edu.pl<\/a><br>tel.: <strong>801 044 069<\/strong><\/p>\n\n\n\n<p><strong>Dokumentacja projektowa:<br><\/strong>Po przes\u0142aniu Karty Zg\u0142oszenia <strong>w ci\u0105gu 5 dni roboczych<\/strong> prosimy o wype\u0142nienie i przes\u0142anie kompletu dokumentacji projektowej niezb\u0119dnej do potwierdzenia ko\u0144cowej rekrutacji uczestnik\u00f3w szkole\u0144.<br>Przed wype\u0142nieniem dokumentacji prosimy o zapoznanie si\u0119 z <a href=\"https:\/\/topas.com.pl\/wp-content\/uploads\/2023\/01\/programy\/topzap\/instrukcja_do_podpisywania_umowy_topzap.pdf\">Instrukcj\u0105 wype\u0142niania dokument\u00f3w do podpisania umowy<\/a> (pdf)<\/p>\n\n\n\n<p><strong>Za\u0142\u0105czniki:<\/strong><\/p>\n\n\n\n<ol class=\"wp-block-list\">\n<li><a href=\"https:\/\/topas.com.pl\/wp-content\/uploads\/2023\/01\/programy\/topzap\/regulamin_uczestnictwa_topzap.pdf\" target=\"_blank\" rel=\"noreferrer noopener\">Regulamin<\/a>&nbsp;(pdf)<\/li>\n\n\n\n<li><a href=\"https:\/\/topas.com.pl\/wp-content\/uploads\/2023\/01\/programy\/topzap\/dokumenty_dla_przedsiebiorcy_topzap.zip\">Dokumenty dla przedsi\u0119biorcy<\/a>&nbsp;(zip)<\/li>\n\n\n\n<li><a href=\"https:\/\/topas.com.pl\/wp-content\/uploads\/2023\/01\/programy\/topzap\/dla_uczestnika_topzap.zip\" target=\"_blank\" rel=\"noreferrer noopener\">Dokumenty dla uczestnika<\/a>&nbsp;(zip)<\/li>\n<\/ol>\n","protected":false},"excerpt":{"rendered":"<p>Celem projektu jest wzmocnienie potencja\u0142u intelektualnego firm IT poprzez wzrost kwalifikacji ich pracownik\u00f3w w wojew\u00f3dztwie zachodniopomorskim, kt\u00f3ry b\u0119dzie realizowany poprzez:\u2013 poszerzenie kwalifikacji z zakresu IT przez 117 pracownik\u00f3w firm IT\u2013 zdobycie certyfikat\u00f3w kompetencji przez min. 104 osoby Okres realizacji projektu: &hellip; <a href=\"https:\/\/topas.com.pl\/?page_id=86\">Czytaj dalej <span class=\"meta-nav\">&rarr;<\/span><\/a><\/p>\n","protected":false},"author":1,"featured_media":0,"parent":52,"menu_order":0,"comment_status":"closed","ping_status":"closed","template":"","meta":{"footnotes":""},"class_list":["post-86","page","type-page","status-publish","hentry"],"_links":{"self":[{"href":"https:\/\/topas.com.pl\/index.php?rest_route=\/wp\/v2\/pages\/86","targetHints":{"allow":["GET"]}}],"collection":[{"href":"https:\/\/topas.com.pl\/index.php?rest_route=\/wp\/v2\/pages"}],"about":[{"href":"https:\/\/topas.com.pl\/index.php?rest_route=\/wp\/v2\/types\/page"}],"author":[{"embeddable":true,"href":"https:\/\/topas.com.pl\/index.php?rest_route=\/wp\/v2\/users\/1"}],"replies":[{"embeddable":true,"href":"https:\/\/topas.com.pl\/index.php?rest_route=%2Fwp%2Fv2%2Fcomments&post=86"}],"version-history":[{"count":11,"href":"https:\/\/topas.com.pl\/index.php?rest_route=\/wp\/v2\/pages\/86\/revisions"}],"predecessor-version":[{"id":103,"href":"https:\/\/topas.com.pl\/index.php?rest_route=\/wp\/v2\/pages\/86\/revisions\/103"}],"up":[{"embeddable":true,"href":"https:\/\/topas.com.pl\/index.php?rest_route=\/wp\/v2\/pages\/52"}],"wp:attachment":[{"href":"https:\/\/topas.com.pl\/index.php?rest_route=%2Fwp%2Fv2%2Fmedia&parent=86"}],"curies":[{"name":"wp","href":"https:\/\/api.w.org\/{rel}","templated":true}]}}